9) to base 13.
90
Convert 7 (base 15) to base 12.
7
101110 (base 2) to base 7
64
0 (base 5) to base 9
0
-84 (base 9) to base 16
-4c
4 (base 15) to base 9
4
What is -10 (base 8) in base 15?
-8
-32 (base 13) to base 4
-221
63 (base 8) to base 11
47
What is 2 (base 8) in base 16?
2
What is 37 (base 11) in base 3?
1111
What is 0 (base 3) in base 9?
0
-207 (base 12) to base 7
-601
Convert -7 (base 9) to base 3.
-21
Convert -1 (base 13) to base 8.
-1
3 (base 10) to base 12
3
What is -37 (base 11) in base 5?
-130
What is -242 (base 7) in base 9?
-152
64 (base 11) to base 10
70
What is 29 (base 14) in base 9?
41
What is 14 (base 7) in base 5?
21
Convert -12 (base 7) to base 13.
-9
2 (base 7) to base 4
2
-11 (base 4) to base 2
-101
What is -1 (base 12) in base 7?
-1
Convert 21 (base 8) to base 6.
25
What is -113 (base 9) in base 7?
-162
Convert 2 (base 6) to base 11.
2
-c (base 14) to base 12
-10
8 (base 11) to base 5
13
What is 101 (base 2) in base 12?
5
-201 (base 5) to base 3
-1220
What is 221 (base 3) in base 5?
100
4 (base 13) to base 10
4
What is -1041 (base 5) in base 8?
-222
-36 (base 16) to base 12
-46
What is -11 (base 4) in base 3?
-12
What is -212 (base 7) in base 9?
-128
-11 (base 3) to base 11
-4
3 (base 9) to base 10
3
1 (base 14) to base 7
1
Convert 33 (base 11) to base 15.
26
4 (base 8) to base 11
4
6 (base 15) to base 13
6
What is -1 (base 16) in base 13?
-1
What is 55 (base 7) in base 16?
28
Convert 24 (base 11) to base 7.
35
Convert 0 (base 4) to base 7.
0
What is 2 (base 14) in base 15?
2
1 (base 16) to base 11
1
Convert -6 (base 14) to base 7.
-6
-1 (base 16) to base 6
-1
Convert -233 (base 6) to base 3.
-10110
What is 7 (base 8) in base 9?
7
Convert -30 (base 4) to base 15.
-c
What is -20 (base 3) in base 7?
-6
Convert 49 (base 14) to base 5.
230
Convert 2 (base 16) to base 15.
2
Convert 3 (base 8) to base 13.
3
What is -100 (base 2) in base 8?
-4
-1 (base 2) to base 15
-1
What is -ce (base 15) in base 13?
-11c
What is 22 (base 4) in base 6?
14
-2 (base 14) to base 10
-2
What is 1231 (base 4) in base 11?
9a
What is 2 (base 5) in base 16?
2
Convert 14a (base 13) to base 6.
1023
Convert -2 (base 4) to base 2.
-10
What is 100 (base 4) in base 2?
10000
What is 3 (base 15) in base 2?
11
What is -6 (base 12) in base 3?
-20
Convert -2b (base 14) to base 16.
-27
What is 1 (base 11) in base 6?
1
11110001 (base 2) to base 5
1431
What is -6a (base 12) in base 14?
-5c
What is -2 (base 15) in base 8?
-2
What is d (base 15) in base 7?
16
Convert 6 (base 12) to base 11.
6
Convert 100 (base 2) to base 4.
10
What is -2 (base 10) in base 7?
-2
What is 0 (base 7) in base 9?
0
What is -1 (base 12) in base 5?
-1
What is 2 (base 14) in base 9?
2
4 (base 13) to base 15
4
What is 10011 (base 2) in base 5?
34
What is 72 (base 11) in base 3?
2221
What is a (base 12) in base 16?
a
What is 30 (base 4) in base 3?
110
Convert 111 (base 2) to base 8.
7
Convert 400 (base 5) to base 4.
1210
What is -110011 (base 3) in base 9?
-404
111 (base 10) to base 6
303
Convert -26 (base 9) to base 15.
-19
35 (base 16) to base 5
203
Convert 2 (base 16) to base 3.
2
Convert 2 (base 10) to base 5.
2
-6 (base 15) to base 13
-6
Convert -26 (base 15) to base 3.
-1100
-189 (base 14) to base 4
-10331
-203 (base 4) to base 3
-1022
Convert -36 (base 11) to base 10.
-39
Convert -30 (base 6) to base 3.
-200
Convert 31 (base 7) to base 15.
17
What is 3 (base 11) in base 16?
3
What is -3 (base 9) in base 10?
-3
3 (base 5) to base 4
3
-b (base 13) to base 15
-b
1 (base 10) to base 11
1
What is 2a (base 12) in base 4?
202
What is 13 (base 10) in base 11?
12
102201 (base 3) to base 13
1b4
Convert -4a (base 16) to base 12.
-62
What is -24 (base 12) in base 15?
-1d
110 (base 4) to base 5
40
20 (base 4) to base 13
8
What is -3 (base 7) in base 4?
-3
What is -11 (base 2) in base 15?
-3
What is -83 (base 16) in base 7?
-245
Convert -14 (base 9) to base 13.
-10
Convert -10 (base 2) to base 16.
-2
Convert -4 (base 10) to base 5.
-4
-19 (base 10) to base 2
-10011
Convert 1 (base 14) to base 9.
1
Convert 11010 (base 2) to base 7.
35
20 (base 11) to base 3
211
Convert 0 (base 7) to base 16.
0
What is -67 (base 15) in base 4?
-1201
16 (base 9) to base 11
14
Convert -20 (base 14) to base 6.
-44
Convert 1 (base 7) to base 12.
1
-11012 (base 3) to base 13
-89
What is -4 (base 13) in base 3?
-11
What is 9 (base 13) in base 16?
9
What is -4 (base 5) in base 11?
-4
Convert 149 (base 13) to base 7.
446
-3 (base 16) to base 6
-3
What is 33 (base 6) in base 2?
10101
Convert 14b (base 12) to base 3.
21112
What is 3a (base 14) in base 6?
124
What is 17 (base 12) in base 4?
103
Convert -2 (base 6) to base 12.
-2
Convert -2 (base 4) to base 6.
-2
-10110111 (base 2) to base 6
-503
21 (base 4) to base 9
10
1 (base 3) to base 5
1
Convert 14 (base 8) to base 2.
1100
-1 (base 16) to base 12
-1
What is 3 (base 15) in base 2?
11
What is -6 (base 10) in base 3?
-20
What is 2400 (base 5) in base 13?
20c
What is 8c (base 15) in base 9?
156
Convert -4 (base 16) to base 4.
-10
4a (base 16) to base 11
68
-96 (base 10) to base 13
-75
What is 5 (base 14) in base 13?
5
What is -2 (base 7) in base 13?
-2
What is -12 (base 6) in base 12?
-8
Convert 0 (base 7) to base 9.
0
Convert 4 (base 13) to base 16.
4
Convert 0 (base 9) to base 15.
0
Convert 2 (base 5) to base 12.
2
-51 (base 12) to base 10
-61
-1 (base 14) to base 2
-1
Convert 144 (base 8) to base 9.
121
Convert -182 (base 11) to base 2.
-11010011
What is 3 (base 8) in base 7?
3
-11 (base 5) to base 7
-6
What is -16 (base 11) in base 15?
-12
What is 36 (base 11) in base 13?
30
Convert -48 (base 14) to base 16.
-40
130 (base 4) to base 9
31
0 (base 4) to base 13
0
What is -174 (base 8) in base 16?
-7c
-123 (base 7) to base 9
-73
What is 6 (base 16) in base 8?
6
-2 (base 6) to base 11
-2
Convert -4 (base 9) to base 16.
-4
-79 (base 14) to base 8
-153
-1 (base 14) to base 16
-1
Convert -328 (base 10) to base 3.
-110011
What is 3 (base 14) in base 7?
3
Convert -10 (base 4) to base 3.
-11
What is -50 (base 10) in base 7?
-101
-a0 (base 14) to base 16
-8c
54 (base 8) to base 3
1122
What is 90 (base 16) in base 12?
100
105 (base 6) to base 5
131
-8e (base 16) to base 15
-97
What is -30 (base 15) in base 7?
-63
What is 5 (base 13) in base 11?
5
What is -10 (base 4) in base 7?
-4
What is 5 (base 7) in base 5?
10
What is 4 (base 16) in base 4?
10
1110 (base 2) to base 12
12
d (base 15) to base 7
16
b (base 12) to base 2
1011
Convert 104 (base 8) to base 2.
1000100
What is -1000 (base 2) in base 4?
-20
0 (base 13) to base 7
0
What is 0 (base 5) in base 11?
0
Convert 5 (base 7) to base 8.
5
What is 15 (base 12) in base 15?
12
Convert 5 (base 15) to base 16.
5
Convert -10000 (base 2) to base 16.
-10
What is 23 (base 10) in base 7?
32
What is 11 (base 3) in base 2?
100
Convert -9 (base 11) to base 12.
-9
Convert -21 (base 3) to base 5.
-12
4 (base 6) to base 9
4
-7 (base 13) to base 8
-7
Convert 17 (base 16) to base 12.
1b
Convert 11 (base 11) to base 14.
c
14 (base 15) to base 8
23
Convert 1 (base 15) to base 11.
1
Convert 0 (base 5) to base 14.
0
34 (base 10) to base 3
1021
-15 (base 12) to base 13
-14
Convert 45 (base 10) to base 16.
2d
Convert -32 (base 11) to base 5.
-120
What is 61 (base 16) in base 9?
117
What is -2 (base 7) in base 15?
-2
2a (base 14) to base 11
35
-1233 (base 4) to base 5
-421
Convert -267 (base 10) to base 12.
-1a3
11 (base 12) to base 7
16
Convert -314 (base 7) to base 14.
-b4
-9 (base 14) to base 5
-14
Convert -54 (base 12) to base 4.
-1000
Convert -1011 (base 2) to base 14.
-b
-1 (base 10) to base 13
-1
0 (base 15) to base 2
0
What is 8 (base 9) in base 11?
8
Convert 3 (base 14) to base 15.
3
Convert -1101 (base 2) to base 16.
-d
What is 5 (base 8) in base 10?
5
Convert 24 (base 10) to base 15.
19
3 (base 6) to base 16
3
What is -80 (base 13) in base 9?
-125
Convert 4 (base 7) to base 11.
4
Convert -2 (base 8) to base 6.
-2
1003 (base 4) to base 9
74
3 (base 5) to base 8
3
11 (base 2) to base 6
3
Convert 206 (base 8) to base 13.
a4
What is -7 (base 16) in base 3?
-21
What is 3 (base 11) in base 6?
3
What is b (base 16) in base 10?
11
57 (base 8) to base 6
115
What is 2 (base 14) in base 3?
2
Convert -1 (base 15) to base 12.
-1
What is 21 (base 9) in base 